ighest common divisor of 17 and x.
17
Let p = 3 - 1. Suppose 0 = p*x - 4*x + 24. Let y(s) = -s**2 + 15*s - 36. Let f be y(9). What is the greatest common factor of f and x?
6
Let r(c) = 16*c + 1. Let z be r(1). Let u = z - 1. Suppose 0 = 4*y - 0 + u, 0 = -5*a - 5*y + 5. What is the highest common factor of 5 and a?
5
Suppose 2*f - 4 = 698. Suppose -y + f + 171 = 4*c, 5*c = 3*y + 644. What is the highest common factor of c and 26?
26
Let t be 0/(3 - (0 + 2)). Let n be (6 - t) + (-2 - -1). Suppose -2*r = -3*r + 3*d + 4, n*d = 0. Calculate the greatest common factor of 32 and r.
4
Let t(m) = 62*m + 4. Let o be t(2). Let i be o/6 + 4/(-12). Calculate the highest common divisor of i and 3.
3
Suppose 0 = -2*n - 5*c - 57, -n + c - 24 = 2*c. Let k = n + 35. Calculate the greatest common divisor of k and 2.
2
Suppose 180 = o + 5*o. What is the greatest common divisor of 270 and o?
30
Let v = 16 + -9. Let q = v + 13. What is the highest common divisor of 5 and q?
5
Suppose -2*h - 154 = -4*h. Let v be (30/(-21))/((-2)/14). Let a = v + 1. What is the highest common divisor of h and a?
11
Let r(s) = s**2 - 2*s - 5. Let p be r(4). Let z = -2 + 8. What is the greatest common divisor of p and z?
3
Suppose 0 = 4*c - 338 + 66. Calculate the greatest common factor of 102 and c.
34
Let y be (-6)/(-4)*(-4)/(-2). Let d be (-17)/(-3) + 1/y. What is the highest common divisor of d and 48?
6
Suppose 23 + 12 = g. Calculate the highest common factor of g and 7.
7
Let r = 1 + 0. Let y(x) = -x + 10. Let j be y(8). Calculate the highest common divisor of r and j.
1
Suppose -4*r - 3*i = -877, -208 = -2*r + r + 3*i. What is the greatest common factor of r and 31?
31
Let q = -16 + 31. Calculate the highest common factor of 45 and q.
15
Suppose 4*i - 97 = 2*z + 11, 4*z = 4*i - 108. What is the greatest common divisor of 3 and i?
3
Let k be -56*((-30)/8 - -1). Calculate the highest common factor of k and 14.
14
Let z(i) = -i - 1. Let p be z(-17). Let w = p - 15. What is the greatest common divisor of 2 and w?
1
Let y be (66/8)/((-10)/(-80)). Let g = -61 - -67. What is the greatest common factor of y and g?
6
Let p be 3/(-15) + (8/(-10) - -2). What is the greatest common divisor of p and 2?
1
Suppose 0 = -3*z - 33 + 78. Calculate the greatest common factor of z and 195.
15
Let i = -3 + 6. Suppose 58 = 4*r - f, -4*r + 30 = -i*f - 24. Suppose 0 = -m + 2*m - 5. What is the highest common factor of m and r?
5
Suppose -5*v + 55 = -2*h - 2*h, -2*v + h + 19 = 0. Let w = 45 + -79. Let i = w + 90. What is the highest common divisor of v and i?
7
Suppose -3*i = -4*y + 728, 4*y - 410 - 318 = -4*i. Suppose 2*o = -15 + 67. What is the highest common divisor of o and y?
26
Suppose -5*c + 130 = -q, 4*c - 156 + 53 = q. Suppose 0 = 5*n - 92 - 43. Calculate the highest common divisor of n and c.
27
Let l be (-12 + 3)*(-72)/3. Suppose 4*k - 10*k = -l. Calculate the highest common divisor of 12 and k.
12
Suppose 11 = k - f + 3, -8 = -2*k - 2*f. Let n = -8 - -14. Calculate the greatest common factor of n and k.
6
Let n = 14 + -8. Let t be (3 - 4) + n*1. Suppose t*u + 3*m = 420, 4*u + 3*m - 89 = 247. What is the greatest common factor of u and 12?
12
Let r(c) = c**2 + 4*c - 8. Suppose 3*o = 5*o - 14. Let j = -13 + o. Let f be r(j). What is the highest common divisor of 44 and f?
4
Let n be (-1*2)/((-15)/90). What is the highest common factor of 3 and n?
3
Let f = 3 + 0. Let i(v) = 1 + 0*v - v + 0*v + 31*v**f + v**2. Let o be i(1). Calculate the highest common divisor of 80 and o.
16
Suppose -2 + 3 = a. Suppose 0 = 2*n - 2. Let x be (n/(-2))/((-1)/2). What is the greatest common factor of a and x?
1
Suppose 5*a = a + z + 16, -4*a + 3*z = -16. Let m(o) = 10*o - 5. Let f be m(a). Calculate the highest common factor of f and 7.
7
Let s(r) = -r**2 + 14*r + 4. Let k be s(14). Suppose -11 = -k*h + 1. What is the greatest common factor of h and 3?
3
Suppose 32 + 40 = 4*y. Suppose 6*v = 10*v - 108. What is the greatest common divisor of v and y?
9
Let l(s) = s**2 - 5*s - 9. Let y be l(7). Suppose 0 = j + 4, -y*j - 21 - 14 = -3*m. Let r = -4 + m. What is the greatest common divisor of r and 9?
1
Suppose 56 = -b + 5*b. What is the greatest common factor of 154 and b?
14
Let b(n) = n**3 + 7*n**2 + 5*n + 1. Let l be b(-6). Let j be -1*(2 + -1) + 79. Let x = j - 43. What is the greatest common factor of x and l?
7
Let x = -68 - -80. Calculate the highest common factor of x and 96.
12
Let w(r) = 4*r**3 - 2*r**2 + r. Let m be w(2). Let l = -14 - -79. What is the highest common factor of l and m?
13
Let v(t) = t**3 - 3*t**2 - 3*t + 3. Let j be v(2). Let b = j + 9. Calculate the greatest common factor of b and 5.
1
Let q(f) = -f**2 + 14*f - 15. Let g be q(12). Calculate the greatest common divisor of 3 and g.
3
Suppose -3*j + 21 = -4*r, 2*j + 2*r = -j + 39. Let l = 192 - 347. Let n be l/(-2) + (-1)/2. Calculate the highest common divisor of j and n.
11
Let v be 3 + (-3)/(2 - -1). Suppose v*x + x = 15. Calculate the greatest common factor of x and 2.
1
Suppose -k + 214 = 4*k - 2*b, -4*b = 4*k - 188. Calculate the highest common divisor of 4 and k.
4
Let k = -3 - -7. Let p(b) = -3*b - 1. Let a = -1 - 0. Let r be p(a). Calculate the highest common factor of k and r.
2
Suppose z + 31 = 5*l, 19 = 2*l - 4*z + 3. What is the greatest common factor of l and 48?
6
Suppose z = -4*z + 15. Let f be 212/(-16) - z/(-12). Let b = f - -18. Calculate the greatest common factor of b and 1.
1
Let o = 94 - 90. Calculate the highest common divisor of o and 32.
4
Let t be ((-1 + 3)/(-1))/(-1). Calculate the greatest common divisor of t and 18.
2
Suppose 2*j + 0*j = -4*a + 198, 4*j - 243 = -5*a. Let s be 4/(-10) - a/(-15). Suppose s*y - 2*y = 16. What is the highest common factor of y and 8?
8
Let h(l) = -2*l + 3. Let f be h(-6). Let j = 27 - 6. Let d = j - f. What is the highest common divisor of 6 and d?
6
Let d = 222 - 220. Suppose 2*n = -4*t, t = 3*n - 6*n - 10. Let f be 84/3*t/4. What is the greatest common divisor of d and f?
2
Suppose 6*t - 100 = 5*t. Calculate the greatest common factor of t and 40.
20
Suppose 2*p = 0, 2*p + 384 = 5*g + 54. Calculate the highest common divisor of 22 and g.
22
Let s = 5 - 8. Let q be (-3)/((s/(-15))/(-1)). Let m be (-1)/(-3) - (-25)/q. Calculate the highest common factor of 2 and m.
2
Let j = -41 + 57. Suppose -4*q + j + 362 = -2*p, q - 96 = -p. Suppose m = 5*y + q, -4*m + 5*y + 221 = -84. What is the highest common factor of m and 28?
14
Let r(l) = -l + 6. Let a be r(6). Suppose 5*p + 2 - 12 = a. What is the highest common divisor of p and 2?
2
Let x(i) = i**2 - 11*i + 6. Let p be x(12). What is the highest common divisor of 9 and p?
9
Suppose 0 = 2*z - 3*d - 15, 3*z - d - 26 = -0*d. Suppose -4*u + 108 = -u. Calculate the greatest common divisor of z and u.
9
Let o = 10 - 8. Let n(f) = 1 + 5*f**2 - 2*f + 3*f - 4*f**2. Let t be n(0). Calculate the greatest common factor of t and o.
1
Let c = 21 + -12. Suppose 78 - c = 3*h. Let w = h + -11. What is the highest common divisor of w and 96?
12
Suppose 0 = -5*y + 2 + 3, -3*y = -4*g + 157. Let o = g - 24. Calculate the highest common divisor of o and 40.
8
Let d(x) = x + 13. Let u = -11 + 20. Let q be d(u). What is the highest common divisor of q and 11?
11
Let h be (10/12)/((-8)/(-48)). Calculate the greatest common factor of h and 5.
5
Let q(h) = -4*h**2 - 72*h + 5. Let y be q(-18). What is the highest common factor of y and 45?
5
Suppose -5*l + 9*l - 48 = 0. What is the highest common factor of 24 and l?
12
Suppose -4*k + 0*k - j + 134 = 0, -4*k + 140 = -2*j. Let i = k - -46. Suppose -3*g + 26 = q - 2*q, -20 = -5*q. What is the highest common divisor of g and i?
10
Let w = 62 + -32. Calculate the highest common divisor of 90 and w.
30
Let k = 26 - 8. Suppose -213 = -4*u + 3*i, -2*i = -6*u + 5*u + 57. Suppose 3*a - u = 219. Calculate the greatest common divisor of k and a.
18
Let f = -9 + 11. Let j be (-3 + f - 0) + 6. Let x be (-2 + (-16)/(-10))*-50. What is the greatest common divisor of j and x?
5
Let c be 0/(-3) - (-6 + 4). Calculate the greatest common factor of 18 and c.
2
Let k be 2 + (-7)/(14/(-60)). Suppose 0 = -3*r, -16 = -j - j + 3*r. What is the highest common factor of j and k?
8
Suppose 2*t + 28 = 2*n, 3*t = -3*n + 5 + 19. Suppose 0 = 